prime?
False
Is 10391 a composite number?
False
Is 17735 a composite number?
True
Is 5207 a prime number?
False
Is 182467 composite?
False
Is 6109 composite?
True
Is 6469 a composite number?
False
Is 219 prime?
False
Is 2144729 composite?
False
Is 373265 a composite number?
True
Is 9989 composite?
True
Is 17009 a composite number?
True
Is 4621 a composite number?
False
Is 351457 a prime number?
True
Is 25349 a prime number?
True
Is 271421 a composite number?
True
Is 42281 a prime number?
True
Is 941059 prime?
False
Is 10909 composite?
False
Is 8839 a composite number?
False
Is 272653 a prime number?
False
Is 1597 prime?
True
Is 3371 composite?
False
Is 9871 composite?
False
Is 13985 a prime number?
False
Is 13367 a prime number?
True
Is 25219 composite?
False
Is 32887 composite?
False
Is 14813 prime?
True
Is 15689 a composite number?
True
Is 3991 a prime number?
False
Is 862538 a prime number?
False
Is 34517 prime?
False
Is 235 a prime number?
False
Is 25511 prime?
False
Is 39341 a prime number?
True
Is 23105 a prime number?
False
Is 113 prime?
True
Is 3821 prime?
True
Is 6103 a prime number?
False
Is 100427 composite?
True
Is 4379 prime?
False
Is 865967 a prime number?
False
Is 1013907 prime?
False
Is 8887 a prime number?
True
Is 3587 a prime number?
False
Is 364093 a prime number?
False
Is 203471 prime?
False
Is 23221 a prime number?
False
Is 8367 a prime number?
False
Is 619607 a composite number?
False
Is 1823689 composite?
True
Is 32957 composite?
False
Is 304477 prime?
True
Is 343879 a prime number?
False
Is 13117 composite?
True
Is 1459061 a prime number?
True
Is 606223 a prime number?
True
Is 39099 composite?
True
Is 9953 composite?
True
Is 268631 composite?
True
Is 115357 a prime number?
False
Is 136159 prime?
False
Is 481549 a composite number?
False
Is 13669 a composite number?
False
Is 34657 composite?
True
Is 7045 composite?
True
Is 1706999 a prime number?
False
Is 2653 prime?
False
Is 113443 composite?
True
Is 19841 prime?
True
Is 15259 prime?
True
Is 324293 prime?
True
Is 19331 a composite number?
True
Is 373097 composite?
True
Is 1654123 a prime number?
True
Is 654491 prime?
True
Is 1669 a composite number?
False
Is 8383 composite?
True
Is 16333 composite?
False
Is 357367 composite?
True
Is 16537 a prime number?
False
Is 164267 composite?
False
Is 37057 prime?
True
Is 789487 a composite number?
True
Is 9641 a prime number?
False
Is 135074 composite?
True
Is 22853 a composite number?
False
Is 879 a prime number?
False
Is 253 composite?
True
Is 8777 a composite number?
True
Is 52907 prime?
False
Is 9613 a prime number?
True
Is 166679 a composite number?
False
Is 7985 a prime number?
False
Is 142589 prime?
True
Is 12889 a prime number?
True
Is 5941 composite?
True
Is 1961 composite?
True
Is 80479 prime?
False
Is 79295 a composite number?
True
Is 19847 a composite number?
True
Is 96979 composite?
False
Is 116861 a prime number?
False
Is 6439 a prime number?
False
Is 180659 composite?
True
Is 9521 a prime number?
True
Is 108671 composite?
True
Is 180617 composite?
False
Is 34981 a composite number?
False
Is 29009 prime?
True
Is 473973 composite?
True
Is 1907 composite?
False
Is 225889 prime?
True
Is 3599 a composite number?
True
Is 333131 prime?
True
Is 87449 prime?
False
Is 530074 composite?
True
Is 2124241 composite?
True
Is 45274 composite?
True
Is 220387 composite?
True
Is 11383 a composite number?
False
Is 20327 composite?
False
Is 551427 composite?
True
Is 46621 a composite number?
True
Is 113513 a prime number?
True
Is 626063 prime?
True
Is 2437 composite?
False
Is 2894 a composite number?
True
Is 24317 a prime number?
True
Is 103387 a composite number?
False
Is 3761 a composite number?
False
Is 35539 composite?
True
Is 2731 a composite number?
False
Is 4927 a prime number?
False
Is 169469 prime?
False
Is 11351 a prime number?
True
Is 7393 composite?
False
Is 40191 a prime number?
False
Is 943999 a prime number?
False
Is 133205 prime?
False
Is 106669 a composite number?
False
Is 225473 composite?
True
Is 66883 a prime number?
True
Is 78401 composite?
False
Is 12149 prime?
True
Is 799013 a composite number?
True
Is 270019 composite?
True
Is 57191 composite?
False
Is 13829 a composite number?
False
Is 606193 prime?
False
Is 336793 a prime number?
True
Is 123973 composite?
False
Is 1612649 a composite number?
False
Is 648449 a composite number?
False
Is 17809 a composite number?
True
Is 9461 a prime number?
True
Is 6686 a prime number?
False
Is 454667 composite?
True
Is 389639 composite?
True
Is 6449 a prime number?
True
Is 512147 a composite number?
False
Is 88197 a composite number?
True
Is 61891 a composite number?
True
Is 135209 a prime number?
True
Is 229127 prime?
True
Is 68993 a prime number?
True
Is 11959 prime?
True
Is 102397 prime?
True
Is 976883 a prime number?
True
Is 38534 prime?
False
Is 51749 a prime number?
True
Is 886273 prime?
False
Is 359141 a composite number?
True
Is 38251 prime?
False
Is 2081 composite?
False
Is 14923 prime?
True
Is 15689 composite?
True
Is 34367 composite?
False
Is 10061 a prime number?
True
Is 47453 prime?
False
Is 46919 a prime number?
True
Is 1373321 composite?
False
Is 31873 prime?
True
Is 15859 a composite number?
False
Is 9677 a composite number?
False
Is 8143 a prime number?
False
Is 13569 prime?
False
Is 825131 a prime number?
True
Is 50203 a prime number?
False
Is 23929 prime?
True
Is 31829 prime?
False
Is 204586 a composite number?
True
Is 36679 a composite number?
True
Is 74623 a prime number?
True
Is 997957 a prime number?
False
Is 36193 prime?
False
Is 39019 a composite number?
False
Is 50627 a prime number?
True
Is 136687 composite?
True
Is 17213 composite?
True
Is 11366 a prime number?
False
Is 184301 a composite number?
True
Is 182123 prime?
True
Is 8711 a composite number?
True
Is 7451 a composite number?
False
Is 176629 composite?
False
Is 42479 a prime number?
False
Is 1314047 prime?
False
Is 9631 prime?
True
Is 2818115 a composite number?
True
Is 12003 composite?
True
Is 49702 composite?
True
Is 7737 a composite number?
True
Is 3221 prime?
True
Is 13841 a composite number?
False
Is 7279 a prime number?
False
Is 1619395 composite?
True
Is 548661 prime?
False
Is 44803 a composite number?
True
Is 1201 a prime number?
True
Is 1409 prime?
True
Is 468415 a prime number?
False
Is 12889 a prime number?
True
Is 21779 composite?
True
Is 35927 prime?
False
Is 32909 a prime number?
True
Is 82157 composite?
True
Is 16477 a prime number?
True
Is 181409 composite?
False
Is 183089 a prime number?
True
Is 53806 composite?
True
Is 81701 a composite number?
False
Is 557 composite?
False
Is 1847 composite?
False
Is 206905 a composite number?
True
Is 5839 a composite number?
False
Is 613 a composite number?
False
Is 36737 a composite number?
True
Is 1397 prime?
False
Is 10645 composite?
True
Is 164899 a prime number?
False
Is 68507 a composite number?
False
Is 154823 composite?
False
Is 1597379 a prime number?
False
Is 145001 prime?
False
Is 74791 prime?
False
Is 32159 prime?
True
Is 877 a prime number?
True
Is 105199 a composite number?
False
Is 6595 a composite number?
True
Is 3442 composite?
True
Is 86369 prime?
True
Is 171793 prime?
True
Is 2320979 composite?
False
Is 553947 prime?
False
Is 953 composite?
False
Is 10007 a composite number?
False
Is 67951 a composite number?
True
Is 384907 a prime number?
True
Is 12689 a prime number?
True
Is 9521 a prime number?
True
Is 2371 prime?
True
Is 10559 composite?
False
Is 114343 a prime number?
True
Is 55745 a composite number?
True
Is 51049 prime?
False
Is 210229 a composite number?
False
Is 20665 composite?
True
Is 31333 prime?
True
Is 1072517 a composite number?
False
Is 5227 composite?
False
Is 10378 composite?
True
Is 90163 composite?
False
Is 12431 composite?
True
Is 342389 a prime number?
True
Is 141871 a composite number?
False
Is 13901 a prime number?
True
Is 75913 a composite number?
False
Is 10717 prime?
False
Is 22901 prime?
True
Is 1148593 composite?
False
Is 2459 prime?
True
Is 5415451 a composite number?
False
Is 1399 composite?
False
Is 94033 prime?
True
Is 35363 composite?
False
Is 16589 composite?
True
Is 684889 composite?
False
Is 154139 composite?
True
Is 630481 composite?
False
Is 18743 a composite number?
False
Is 11